s digit of s(w)?
9
Let p(v) = v**3 + 29*v**2 + 33*v - 41. Let l be 4/(28/(-217)) + -1 + 6. What is the tens digit of p(l)?
2
Let i = 3988 - 6036. Let j = 2893 + i. What is the hundreds digit of j?
8
Suppose -4*u - 3380 = -4*a, 56*a = 59*a + 4*u - 2542. What is the tens digit of a?
4
Let k be (-5)/(20/(-28)) + -2 + 0. Suppose -8*u - 1434 = -12*u - 2*p, 2*u - k*p = 699. What is the units digit of u?
7
Suppose -219812 = -16*s - 229866 + 375926. What is the ten thousands digit of s?
2
Suppose -5*w + 16*w = 9*w + 38092. What is the tens digit of w?
4
Let w(i) = -39*i - 45. Let k be w(-4). Suppose 0 = f - 2*b - k, 3*b + 527 = 8*f - 3*f. What is the hundreds digit of f?
1
Suppose 43*y - 56069 - 153523 = 7*y. What is the thousands digit of y?
5
Let h(j) = j**3 - 12*j**2 + 7*j + 370. What is the hundreds digit of h(17)?
9
Let r = -20047 - -37371. What is the tens digit of r?
2
Let s(k) = 29*k**3 - 3*k**2 + 8*k - 42. What is the tens digit of s(5)?
4
Let b = 5522 + 1582. What is the hundreds digit of b?
1
What is the hundreds digit of -78*2169*(-12)/162?
5
Let b(r) = 177*r**2 + 5*r - 317. What is the thousands digit of b(-9)?
3
Suppose 2*q - 662 = -2*k, -5*q + 288 + 63 = k. Suppose 3*x = 6, -5*x = -3*l + 1359 + k. Suppose 265 = 10*y - l. What is the tens digit of y?
8
Let l = -106 - -116. Suppose -6*k = -l*k + 360. What is the units digit of k?
0
Suppose -80*t + 79*t = -5*u - 5819, 4*u = -2*t + 11722. What is the tens digit of t?
4
Let t(z) = -3*z**3 + 136*z**2 + 63*z - 93. What is the thousands digit of t(43)?
5
Let s be 1/(-2 - (-615)/305). Let d = 75 - s. Suppose -203 + d = -3*p. What is the tens digit of p?
6
Suppose -18*m + 1136 = a - 16*m, -3*m - 12 = 0. What is the tens digit of a?
4
Suppose s = 2*r + 29563, -4*r = -2584*s + 2589*s - 147759. What is the thousands digit of s?
9
Let j = 6061 + -1472. What is the hundreds digit of j?
5
Suppose 6*w + 20 = 11*w + 3*h, -12 = -3*w - 2*h. What is the hundreds digit of w*5/((-60)/(-747))?
2
Let n(v) = -593*v + 1419. What is the tens digit of n(-18)?
9
What is the tens digit of (114 + 699)/((-6)/(-38))?
4
What is the hundreds digit of -6*17/(-238) - 352287/(-21)?
7
Let o(q) = -6*q**3 + 104*q**2 + 1133*q + 17. What is the hundreds digit of o(-10)?
0
Let l(q) = 14*q**2 - q + 3. Let i be l(6). Suppose -v + 258 + i = 0. What is the tens digit of v?
5
What is the units digit of (-48048)/(-176)*(14 + 1 - -2)?
1
Let z(m) = 117*m - 95. Let o be z(7). Suppose 731*a - o*a - 7553 = 0. What is the thousands digit of a?
1
Let t(j) = 20*j + 74. Suppose -11 - 54 = -5*r. What is the units digit of t(r)?
4
Let u(i) = 1597*i**3 + 5*i**2 + 7*i - 15. Let c(p) = -798*p**3 - 3*p**2 - 4*p + 9. Let m(o) = -5*c(o) - 3*u(o). What is the units digit of m(-1)?
2
Suppose -7*j = -13*j - 24. Let n(r) = -20*r**3 + 4*r**2 + 7*r + 12. What is the hundreds digit of n(j)?
3
What is the hundreds digit of (14838/(-8))/((-732)/1952)?
9
Let n be -6*(0 + -1)*4/6. Let u(h) = n*h**2 + 2*h + 4*h + 13 - 9. What is the tens digit of u(-4)?
4
Suppose 223 = 4*c - 289. Let p = -95 + c. What is the units digit of p?
3
Let x = 2932 + -1724. Suppose 9*a = x + 4525. What is the hundreds digit of a?
6
Let l = -55 + 88. Let i = l - 28. Suppose -s = 3*h - 105, s + i*h + 13 = 112. What is the tens digit of s?
1
Let z(k) be the third derivative of -103*k**4/8 - 53*k**3/3 + 195*k**2. What is the hundreds digit of z(-4)?
1
Let d(h) = 20*h + 28. Let l(w) = w - 4. Let y be l(11). Let q be d(y). Suppose -3*n - q = -5*i, -i - 3*n = -0*i - 30. What is the tens digit of i?
3
What is the units digit of 1057/(((-4)/11)/2 - (-1386)/3630)?
5
Let h = 19 - 22. Let s be 48/3*(-2 - h). Suppose l - s = -3*l, 0 = -2*a - 4*l + 104. What is the tens digit of a?
4
Let r(x) = 330*x - 19. Let w be r(2). Let z = w - 33. What is the units digit of z?
8
Let h be (-570)/(-12) + (-9)/(-6). What is the hundreds digit of 10996/28 + 14/h?
3
Suppose -13*x - 3*x = -2592. Suppose x*d + 1146 = 168*d. What is the hundreds digit of d?
1
Let x(d) = 135*d + 171. Let w be x(19). Suppose 310 = 3*v + p - 3806, -w = -2*v + 2*p. What is the thousands digit of v?
1
Suppose 0 = i - g - 84, -25 = -i - 4*g + 69. Let l = 94 - i. What is the tens digit of l + -5 + 108/2?
5
Suppose 2*n - 5*g - 50412 = 0, g - 52429 + 2041 = -2*n. What is the hundreds digit of n?
1
Suppose -3*t - 1943 - 1628 = -d, -5949 = 5*t + d. Let w = t + 1836. What is the hundreds digit of w?
6
Suppose -4*c + 3*t = -947 - 1969, 2*t = 5*c - 3638. Let y = c + 174. Suppose 20*w - y = 14*w. What is the units digit of w?
0
Let d be 5 + (2 - (-4 + -71)). Let o = 144 + d. What is the units digit of o?
6
Suppose -3*i - 2 = -5*w - 10, 5*w = i - 16. What is the units digit of ((-24)/(-48))/((-2)/(-1572)) + w?
9
Suppose -4*y - 4*q + 130 + 94 = 0, -280 = -5*y + 5*q. Suppose -7*w + 0*w = -y. Suppose 6*b - w*b = -52. What is the units digit of b?
6
Suppose 2 = -2*x, 4*u + x - 8 = 5*x. Let l be 0 + (u - -56 - (5 + -3)). Let c = 142 - l. What is the tens digit of c?
8
Suppose 12*x - 16*x - 44 = 0. Let a(i) = -11*i + i**2 - 20 - 34 + 11. What is the tens digit of a(x)?
9
Let h(i) = 16*i**2 - 2*i + 7. Let w(o) = 48*o - 53. Let q be w(1). What is the units digit of h(q)?
7
Suppose -120531 - 197512 - 355927 = -22*b. What is the units digit of b?
5
Suppose 20 = 2*v - 348. Let d = 130 - v. Let f = d + 189. What is the units digit of f?
5
Suppose -29*v + 15493 = -6634. What is the units digit of v?
3
Let c(d) = 150*d - 25. Let m be c(18). Suppose 4*t + t + 5*l = m, -3*t = -4*l - 1640. What is the hundreds digit of t?
5
Suppose 102*w + w = 1165548. What is the units digit of w?
6
Let u be 32980/16 + ((-1)/4 - -1). Suppose 0 = -4*g - 2*r + u, 12*g - 13*g - 2*r = -514. What is the units digit of g?
6
Let c be 170929/123 + 5/(-3)*1. Suppose -f = -5*o - 484, -3*f + 2*o = 3*o - c. What is the units digit of f?
4
Let c(v) = 83*v**3 + 4*v**2 - 5*v + 3. Let u(i) = i**2 + 24*i + 82. Let q be u(-20). What is the hundreds digit of c(q)?
6
Let p(o) = o**2 - 17*o + 34. Let z be p(15). Suppose -3*i + m - 883 = -z*m, -2*i - 3*m - 557 = 0. Let a = -112 - i. What is the units digit of a?
4
Let j be 16 + 7/((-28)/52). Suppose -5*k + 4*n + 4 = 0, -4*n - 4 = 2*k - 0. Suppose -p - 166 = -i + p, 5*i + j*p - 869 = k. What is the hundreds digit of i?
1
Let z = -661 + 1314. Let a = 1006 - z. What is the tens digit of a?
5
Let f be 1470*(-20)/(-30) + 4/2. Suppose -4848 - f = -22*w. What is the units digit of w?
5
What is the tens digit of 1713576/60 + -5 - (-56)/40?
5
Let q(n) = 2*n + 4. Let x be q(0). Suppose -2*c - 8 = -5*t, -x*t = -5*c - 17 - 3. Suppose -z - 46 + 282 = t. What is the hundreds digit of z?
2
Let c(p) = 14*p - 6 + 7*p - 22*p + 25. Let f be c(15). What is the units digit of (4 - 14/f) + (-459)/(-2)?
0
Suppose -12 = 3*k, -3*c - 2*k + 2 = -8*c. Let y be (-6)/(-30) + c/10 - -3. Suppose -y*l - 195 = -4*l. What is the hundreds digit of l?
1
Let c = 889 + 1593. What is the units digit of c?
2
Let j(n) = -24*n - 9. Let g(h) = -h + 2. Let c(m) = 5*g(m) - j(m). What is the hundreds digit of c(8)?
1
Suppose -5*a + 6 - 9 = -4*k, -4*a + 6 = k. Let f(m) = -1 - 2*m**2 + 3*m**2 + m**2 + 118*m**3. What is the units digit of f(a)?
9
Suppose 0 = 72*d - 76*d - 48. Let n = d + 17. What is the units digit of -2 + n - (-414)/9?
9
What is the hundreds digit of (-56)/(-140)*(-466920)/(-16)?
6
Suppose 55 = -12*w + 7*w. Let l = w + 20. Suppose -7*a = -l*a + 130. What is the tens digit of a?
6
What is the tens digit of (-3)/1 - 2 - (-2059 + -151)?
0
Let w = 5 + 114. Let x = 163 - w. What is the units digit of x?
4
Let a(z) = -7*z**3 + 21*z**2 + 71*z - 24. Let s(o) = -12*o**3 + 40*o**2 + 142*o - 49. Let u(w) = 5*a(w) - 3*s(w). What is the units digit of u(20)?
7
Let a(s) = 6709*s**3 - 2*s**2 - 97*s + 202. What is the ten thousands digit of a(2)?
5
Let p(i) = -i**2 - 16*i - 44. Let s be p(-13). Let x(n) = -6*n**3 - 13*n**2 - 3*n - 16. What is the hundreds digit of x(s)?
4
Suppose -1482*t + 103968 = -1463*t. What is the tens digit of t?
7
Suppose 4*b + 43 + 122 = o, 170 = -4*b + 2*o. Let h = b + 93. Let k = 19 + h. What is the units digit of k?
2
Let d(u) = -246*u**3 + 3*u**2 - 3. Let b be d(-1). Suppose -3*q + 2*q = -4. Suppose -b - 202 = -q*x. What is the units digit of x?
2
Let i = 938 + -489. Supp